{"id":1092,"date":"2017-02-17T16:12:08","date_gmt":"2017-02-17T15:12:08","guid":{"rendered":"http:\/\/ght-web.siteos.de\/wpe\/?page_id=1092"},"modified":"2017-03-05T12:10:45","modified_gmt":"2017-03-05T11:10:45","slug":"speziell-fuer-kinder","status":"publish","type":"page","link":"https:\/\/tina-am-see.de\/wpe\/sommerfrische\/speziell-fuer-kinder\/","title":{"rendered":"speziell f\u00fcr Kinder"},"content":{"rendered":"<h6><strong>Schliersbergalm &#8211; mit Freizeitpark f\u00fcr Kinder und wohl der sch\u00f6nste Blick \u00fcber Schliersee<\/strong><\/h6>\n<p>Die Schliersbergalm geh\u00f6rt zu den beliebtesten Ausflugszielen. Hier kommt jeder auf seine Kosten. Wer&#8217;s gem\u00fctlich mag, der kann mit der Seilbahn auf den Berg gelangen. Allerdings ist der Fu\u00dfmarsch auch f\u00fcr Kinder vergleichsweise bequem. Auf einer gut ausgebauten Forststra\u00dfe mit meist freiem Blick auf den See geht es in ca. einer Stunde zu Fu\u00df hinauf. Oben angekommen werden Sie nicht nur mit einer traumhaften Aussicht \u00fcber den Schliersee, sondern auch mit einem tollen Bergpanoramablick belohnt. Au\u00dferdem erwartet Sie ein einmaliges Freizeitangebot mit Alpenroller, Trampolin, Kinderspielplatz, einer 9-Loch-Minigolfanlage, Kinderkarussells, Wasserspielen, Swimmingpool und nat\u00fcrlich der 960 m langen Sommerrodelbahn, die bis hinab zur Talstation der Seilbahn f\u00fchrt.<\/p>\n<p>Kontakt:\u00a0Hotel- und Seilbahn-Betriebs GmbH,\u00a0Schliersbergalm , 83727 Schliersee,Tel.: +49(0)8026\/6723 &#8211; Internet: <a href=\"http:\/\/www.schliersbergalm.de\/\" target=\"_blank\">www.schliersbergalm.de<\/a><\/p>\n<h6 class=\"title\"><strong>Oedberg &#8211; Spa\u00df f\u00fcr die ganze Familie<\/strong><\/h6>\n<p class=\"bodytext\">Das weitl\u00e4ufige Gel\u00e4nde l\u00e4dt zum Verweilen und Erholen in einer wundersch\u00f6nen landschaftlichen Umgebung ein. Folgendes Angebot k\u00f6nnen Sie dort vorfinden:<\/p>\n<p class=\"bodytext\">Sommerrodelbahn<strong><br \/>\n<\/strong>Potentielle Sommerrodler, die sich im Geiste schon einen schweren Schlitten bergan schleppen sehen, k\u00f6nnen gleich wieder entspannen: Am \u00d6dberg sitzen Mann, Frau oder Kind bereits bei der Bergauffahrt auf ihren Rodeln. Nach dem Bergtransport geht\u2019s sicher gef\u00fchrt auf einem Aluminiumrohr \u2013 ger\u00e4uscharm den Berg wieder hinunter. Zum Einsatz kommen vorerst 40 Rodel, die jeweils f\u00fcr zwei Personen konzipiert sind (zul\u00e4ssiges Gesamtgewicht: 130 kg). Die Fahrg\u00e4ste sind bei Bergauf- und Bergabfahrt mittels Beckengurt gesichert- und bestimmen \u201ehinunter\u201c selbst, wie rasant sie sich in die Kurven legen wollen. Die maximale H\u00f6chstgeschwindigkeit wird durch zwei Fliehkraftbremsen auf 40 km\/h begrenzt.<\/p>\n<p>Kinder-Abenteuerspielplatz<strong><br \/>\n<\/strong>Seilbahn &#8211; Schaukeln &#8211; Klettern &#8211; Rutschen&#8230; Gleich in Sichtweite der Sonnenterasse unserer Oedberg-Alm bietet der liebevoll angelegte Spielplatz abwechslungsreiche Spielger\u00e4te f\u00fcr Kinder im Alter von 1 bis 12 Jahren.<\/p>\n<p>Streichelzoo<strong><br \/>\n<\/strong>Im Streichelzoo &#8211; gleich neben dem gro\u00dfen Abenteuerspielplatz &#8211;\u00a0 ist Anfassen erlaubt: In der wundersch\u00f6nen Anlage, die den Tieren einen artgerechten Lebensraum mit vielen R\u00fcckzugsm\u00f6glichkeiten bietet, k\u00f6nnen die Tierkinder auf den Arm genommen und mit ihnen gekuschelt werden! Die Ziegen, Hasen, Hamster &amp; Co sind liebe und neugierige Zeitgenossen, die sich gerne zur Schau stellen&#8230;!<\/p>\n<h6><strong>Pferdegenuss &#8211; grenzenlos<\/strong><\/h6>\n<p>&#8222;Auf dem R\u00fccken der Pferde, liegt das Gl\u00fcck der Erde&#8220; so lautet ein altes Sprichwort. Hier bei uns in der Region kann der pferdbegeisterte Urlauber ebenfalls &#8222;sein Gl\u00fcck&#8220; finden.<\/p>\n<p>Reitangebot: Asenbauer-Hof, Fischhauser Stra\u00dfe 6, 83727 Schliersee, Telefon:+49 8026 6629<br \/>\nKutschfahrten: Sprenger, Kalkgraben 4, 83727 Schliersee, Telefon:+49 8026 2800<\/p>\n<h6><b>Spielplatz am Kurpark in Schliersee<\/b><\/h6>\n<p>Der Spielplatz am Kurpark bietet Kindern eine Vielzahl an Spielm\u00f6glichkeiten. Neben verschiedenen Schaukeln gibt es eine Wasserspielanlage, eine 24 Meter lange Seilbahn, eine Drehscheibe, Tampenschwinger, einen Drehbandlbaum, einen Stelzenparkour und einen Multifunktionsspieleturm. Fast alle Spielger\u00e4te sind aus Holz. Kleinkinder k\u00f6nnen auf der Kleinkinderanlage im Sandkasten spielen und kleine Sandburgen bauen. Sehr viel Spa\u00df bereitet sowohl gro\u00dfen als auch kleinen Kindern das Toben in der Matscheanlage und im Bach. Damit die Kinder nach dem Spielen nicht frieren, nehmen Sie am besten noch Bekleidung zum Wechseln, Badebekleidung, ein Handtuch und eine Decke mit. Direkt neben der Gr\u00fcnanlage finden Sie einen Kiosk, Sitzpl\u00e4tze sowie Schatten- und Sonnenpl\u00e4tze zum Verweilen.<\/p>\n<h1><\/h1>\n<h6><\/h6>\n<article class=\"eight columns\">\n<div class=\"text\"><\/div>\n<\/article>\n","protected":false},"excerpt":{"rendered":"<p>Schliersbergalm &#8211; mit Freizeitpark f\u00fcr Kinder und wohl der sch\u00f6nste Blick \u00fcber Schliersee Die Schliersbergalm geh\u00f6rt zu den beliebtesten Ausflugszielen. Hier kommt jeder auf seine Kosten. Wer&#8217;s gem\u00fctlich mag, der kann mit der Seilbahn auf den Berg gelangen. Allerdings ist [&hellip;]<\/p>\n","protected":false},"author":1,"featured_media":0,"parent":246,"menu_order":6,"comment_status":"closed","ping_status":"closed","template":"","meta":{"footnotes":""},"class_list":["post-1092","page","type-page","status-publish","hentry"],"_links":{"self":[{"href":"https:\/\/tina-am-see.de\/wpe\/wp-json\/wp\/v2\/pages\/1092","targetHints":{"allow":["GET"]}}],"collection":[{"href":"https:\/\/tina-am-see.de\/wpe\/wp-json\/wp\/v2\/pages"}],"about":[{"href":"https:\/\/tina-am-see.de\/wpe\/wp-json\/wp\/v2\/types\/page"}],"author":[{"embeddable":true,"href":"https:\/\/tina-am-see.de\/wpe\/wp-json\/wp\/v2\/users\/1"}],"replies":[{"embeddable":true,"href":"https:\/\/tina-am-see.de\/wpe\/wp-json\/wp\/v2\/comments?post=1092"}],"version-history":[{"count":11,"href":"https:\/\/tina-am-see.de\/wpe\/wp-json\/wp\/v2\/pages\/1092\/revisions"}],"predecessor-version":[{"id":1676,"href":"https:\/\/tina-am-see.de\/wpe\/wp-json\/wp\/v2\/pages\/1092\/revisions\/1676"}],"up":[{"embeddable":true,"href":"https:\/\/tina-am-see.de\/wpe\/wp-json\/wp\/v2\/pages\/246"}],"wp:attachment":[{"href":"https:\/\/tina-am-see.de\/wpe\/wp-json\/wp\/v2\/media?parent=1092"}],"curies":[{"name":"wp","href":"https:\/\/api.w.org\/{rel}","templated":true}]}}