{"id":1119,"date":"2017-02-17T18:00:10","date_gmt":"2017-02-17T17:00:10","guid":{"rendered":"http:\/\/ght-web.siteos.de\/wpe\/?page_id=1119"},"modified":"2017-02-24T11:54:27","modified_gmt":"2017-02-24T10:54:27","slug":"empfehlungen","status":"publish","type":"page","link":"https:\/\/tina-am-see.de\/wpe\/empfehlungen\/","title":{"rendered":"EMPFEHLUNGEN"},"content":{"rendered":"<h5>SCHLIERSEER BAUERNTHEATER<\/h5>\n<p>Kultur pur k\u00f6nnen Sie beim Besuch eines Theaterst\u00fccks in bayerischer Mundart erleben. Das Schlierseer Bauerntheater ist das \u00e4lteste seiner Art in Deutschland. Es besitzt zudem kunstvolle B\u00fchnenbilder, die jeden Theaterbesucher sofort mitten in das Geschehen hinein versetzen. Auch finden im Schlierseer Bauerntheater regelm\u00e4\u00dfig kulturelle Veranstaltungen wie Konzerte oder Kabarettabende statt. Das ehrw\u00fcrdige Theaterhaus befindet sich direkt am Xaver-Terofal-Platz, kurz Terofalplatz, in Schliersee und wurde 1892 gegr\u00fcndet. Konrad Dreher, ein Hofschauspieler aus M\u00fcnchen und Xaver Terofal, ein Metzger und Gastwirt, wollten auf der B\u00fchne das \u201eechte Leben\u201c darstellen. Deshalb wurden keine ausgebildeten Schauspieler f\u00fcr die St\u00fccke engagiert, sondern Handwerker und Bauern aus der Region.<\/p>\n<p>Das Schlierseer Bauerntheater ist nicht nur bei uns, sondern auch weit \u00fcber die Landesgrenze, f\u00fcr ihre gelungenen und hochwertigen Auff\u00fchrungen sowie die volksschauspielerischen Meisterleistungen der B\u00fchnendarsteller bekannt. Nach dem Motto: \u201eHeute wie vor 100 Jahren\u201c, werden in jeder Saison, zwischen Ostern und Silvester, Volksst\u00fccke in bayerischer Mundart, wie z.B. \u201eJennerwein\u201c aufgef\u00fchrt.<\/p>\n<p>Den aktuellen Spielplan finden Sie unter www.schlierseer-bauerntheater.de.<\/p>\n<h5>SLYRS DESTILLERIE LANTENHAMMER<\/h5>\n<p>In der Erlebnis Destillerie in Schliersee\/Neuhaus erfahren Sie anhand eines Videofilms die genaue Herstellung des Whiskys. Im Anschluss k\u00f6nnen Sie bei einer gef\u00fchrten Tour oder auf eigene Faust durch den Betrieb gehen. Die Details zur Herstellung sind auf kleinen Infotafeln festgehalten. Im Anschluss gibt es dann eine Verkostung auf der Empore der Fasshalle.\u00a0Neben verschiedenen Accessoires und Lantenhammer Obstbr\u00e4nden werden Ihnen im hauseigenen Shop auch SLYRS Bavarian Single Malt Whiskys angeboten. Pro Besucher ist der Kauf auf eine Flasche pro Person limitiert.<\/p>\n<p>Nach der Besichtigung der Destillerie oder dem Einkauf im Shop lohnt sich eine Einkehr ins \u201eSlyrs Kaffee und Lunchery\u201c. Hier gibt es t\u00e4glich frisches Fr\u00fchst\u00fcck mit Produkten aus der Region, kleine und feine Mittagsgerichte sowie eine vielf\u00e4ltige Auswahl an Kuchen und Torten.<\/p>\n<h5>FREILICHTMUSEUM MARKUS WASMEIER<\/h5>\n<p>Das Markus Wasmeier Freilichtmuseum Schliersee wurde im Mai 2007 er\u00f6ffnet und zeigt Besuchern ein ganzes Bauernhofdorf. Initiiert wurde das Museum von Doppel-Olympiasieger und Weltmeister Markus Wasmeier. Ziel der Ausstellung ist es, das kulturelle Erbe der Region zu pflegen und dieses f\u00fcr die kommenden Generationen zu erhalten. Es\u00a0befindet sich in Fischhausen-Neuhaus, direkt am S\u00fcdufer des Schliersees. Hier sind auf etwa 60.000 Quadratmetern zehn historische Geb\u00e4ude mit mehreren H\u00f6fen aus dem Oberland, die zeigen, wie die Menschen in den vergangenen Jahrhunderten gelebt und gearbeitet haben. Stein f\u00fcr Stein wurden die einzelnen Bestandteile der H\u00e4user nach Neuhaus transportiert und dort wieder aufgebaut bzw. liebevoll restauriert.<\/p>\n<p>Auf den Wiesen des Museums leben alte Haustierrassen, die zum Teil sogar vom Aussterben bedroht sind, z. B. H\u00fchner G\u00e4nse, K\u00fche, Schweine und Bergschafe. Auf den Wiesen und in den Bauerng\u00e4rten werden zudem alte Kulturpflanzen, Alpenkr\u00e4uter und verschiedene Gem\u00fcsesorten angebaut.<\/p>\n<p>Alle Ausflugsg\u00e4ste k\u00f6nnen im museumseigenen Gasthof und im sonnigen Biergarten verschiedene original bayerische Spezialit\u00e4ten bestellen und sich das Museums-Bier schmecken lassen. Das Bier wird in der Sch\u00f6pfbrauerei auf dem Museumsgel\u00e4nde gebraut. Die Rezeptur entspricht einer mehr als 300 Jahre alten Tradition. Auch finden regelm\u00e4\u00dfig Veranstaltungen im Markus Wasmeier Freilichtmuseum Schliersee statt. Die Termine f\u00fcr die kulturellen Veranstaltungen, Handwerkerm\u00e4rkte, Musikertage oder dem Weihnachtsmarkt sowie weitere Informationen zu den \u00d6ffnungszeiten, Eintrittspreisen und anderen Serviceleistungen finden Sie auf der Internetseite www.wasmeier.de.<\/p>\n","protected":false},"excerpt":{"rendered":"<p>SCHLIERSEER BAUERNTHEATER Kultur pur k\u00f6nnen Sie beim Besuch eines Theaterst\u00fccks in bayerischer Mundart erleben. Das Schlierseer Bauerntheater ist das \u00e4lteste seiner Art in Deutschland. Es besitzt zudem kunstvolle B\u00fchnenbilder, die jeden Theaterbesucher sofort mitten in das Geschehen hinein versetzen. Auch [&hellip;]<\/p>\n","protected":false},"author":1,"featured_media":0,"parent":0,"menu_order":0,"comment_status":"closed","ping_status":"closed","template":"","meta":{"footnotes":""},"class_list":["post-1119","page","type-page","status-publish","hentry"],"_links":{"self":[{"href":"https:\/\/tina-am-see.de\/wpe\/wp-json\/wp\/v2\/pages\/1119","targetHints":{"allow":["GET"]}}],"collection":[{"href":"https:\/\/tina-am-see.de\/wpe\/wp-json\/wp\/v2\/pages"}],"about":[{"href":"https:\/\/tina-am-see.de\/wpe\/wp-json\/wp\/v2\/types\/page"}],"author":[{"embeddable":true,"href":"https:\/\/tina-am-see.de\/wpe\/wp-json\/wp\/v2\/users\/1"}],"replies":[{"embeddable":true,"href":"https:\/\/tina-am-see.de\/wpe\/wp-json\/wp\/v2\/comments?post=1119"}],"version-history":[{"count":11,"href":"https:\/\/tina-am-see.de\/wpe\/wp-json\/wp\/v2\/pages\/1119\/revisions"}],"predecessor-version":[{"id":1834,"href":"https:\/\/tina-am-see.de\/wpe\/wp-json\/wp\/v2\/pages\/1119\/revisions\/1834"}],"wp:attachment":[{"href":"https:\/\/tina-am-see.de\/wpe\/wp-json\/wp\/v2\/media?parent=1119"}],"curies":[{"name":"wp","href":"https:\/\/api.w.org\/{rel}","templated":true}]}}