{"id":1399,"date":"2017-02-24T10:16:17","date_gmt":"2017-02-24T09:16:17","guid":{"rendered":"http:\/\/tina-am-see.de\/wpe\/?page_id=1399"},"modified":"2017-02-24T10:18:59","modified_gmt":"2017-02-24T09:18:59","slug":"traditionelles","status":"publish","type":"page","link":"https:\/\/tina-am-see.de\/wpe\/traditionelles\/","title":{"rendered":"TRADITIONELLES"},"content":{"rendered":"<div class=\"csc-header csc-header-n3\">\n<p><span style=\"color: #3366ff;\"><em>Auszug aus dem Veranstaltungsangebot der Tourismusregion Schliersee:<\/em><\/span><\/p>\n<h4>TRACHTENJAHRTAG<\/h4>\n<\/div>\n<div class=\"pInhalte row\">\n<p class=\"bodytext\">Ein Fest zu Ehren der bayerischen Tracht ist der historische Trachtenjahrtag. Dieser wird jedes Jahr in Schliersee gefeiert und findet im Sommer statt. Extra zu diesem Anlass tragen die Mitglieder der teilnehmenden Trachtenvereine Festtagstracht und verleihen so dem Trachtenjahrtag ein besonders feierliches Erscheinungsbild.<\/p>\n<p>Die traditionelle M\u00e4nnertracht setzt sich aus einer grauen Joppe mit Hirschkn\u00f6pfen, einem Leinenhemd, einer Lederhose, Str\u00fcmpfe, Schuhen und einem Miesbacher Hut zusammen, der mit einer Reiherfeder versehen ist. Der Miesbacher Hut ist ein Trachtenhut, der aus einem samtig-gr\u00fcnen Haarfilz angefertigt wird. Das Grundmaterial der Joppe ist Tuch. Gef\u00e4rbt wird dieses in verschiedenen Graut\u00f6nen. Auf die zweireihige Joppe werden dann noch gerundete Aufschl\u00e4ge, aufgesetzte Taschen und ein gr\u00fcner Stehkragen hinzugef\u00fcgt. Die Taschen werden so aufgen\u00e4ht, dass am Ende eine Tasche links oben angebracht ist und die anderen beiden seitlich. Die Leinenhemden werden unter der Joppe getragen. Ihnen werden auf der Brustseite mehrere Falten eingearbeitet. Diese verlaufen von oben nach unten.<\/p>\n<p>Frauen tragen am Trachtenjahrtag und vor allem an besonderen kirchlichen Festtagen ein Miesbacher H\u00fctl, einen kn\u00f6chellangen, in Falten gelegten Kittl, einen Janker, ein Miederleibl, handgestrickte wei\u00dfe Str\u00fcmpfe und schwarze geschn\u00fcrte Halbschuhe. Das Miederleibl wird direkt \u00fcber dem Janker getragen und darunter das sogenannte Schmiesl. Es handelt sich hierbei um ein Hemd, das auf der Seite zusammengebunden wird. Der Halsausschnitt hat eine rechteckige Form und ist mit Spitzen verziert. Der Hut besteht aus einem versteiften Filzstoff und ist auf der Innen- und Unterseite gef\u00fcttert.<\/p>\n<p class=\"bodytext\">Die Tracht der Region Schliersee entwickelte sich im Laufe der Jahrhunderte und die Einheimischen tragen ihre Tracht vor allem zu besonderen Anl\u00e4ssen, wie z.B. beim Alt-Schlierseer Kirchtag, bei der Leonhardifahrt \u00a0oder bei anderen Brauchtumsveranstaltungen.<\/p>\n<\/div>\n<div class=\"csc-header csc-header-n6\">\n<h4>ALTSCHLIERSEER KIRCHTAG<\/h4>\n<\/div>\n<div class=\"pInhalte row\">\n<p class=\"bodytext\">Der Altschlierseer Kirchtag ist ein ganz besonderes Fest, das jedes Jahr Anfang August gefeiert wird. Fast w\u00e4re die Jahrhunderte alte Tradition, die am Kirchtag der Pfarrkirche St. Sixtus in Schliersee veranstaltet wurde, verloren gegangen, doch seit vielen Jahren lassen die Mitglieder der Alt-Schlierseer Trachtengruppe diesen Brauch wieder aufleben.<\/p>\n<p class=\"bodytext\">In den alten Zeiten ruderten die Bewohner Fischhausens mit ihren blumenverzierten Holzbooten, auch Pl\u00e4tten genannt, auf die andere Seite des Sees. Heute steuern die Mitglieder der Alt-Schlierseer Trachtengruppe die festlich geschm\u00fcckten Nachbauten aus L\u00e4rchenholz von Fischhausen nach Schliersee. Die Fahrt beginnt um 9:00 Uhr und dauert etwa eine Stunde. Die Boote fahren am Ostufer entlang bis zum Schlierseer Kurpark.<\/p>\n<p>Sehr sch\u00f6n sind \u00fcbrigens die historischen Gew\u00e4nder, die die Alt-Schlierseer Trachtengruppe am sogenannten \u201ekloana Kirta\u201c tragen. Im Kurpark werden nicht nur von den Besuchern des Alt-Schlierseer Kirchentags, sondern auch von den B\u00f6llersch\u00fctzen und Trachtengruppen aus ganz Oberbayern und vom B\u00fcrgermeister empfangen. W\u00e4hrend ihrer Ankunft l\u00e4uten au\u00dferdem die Kirchenglocken und ein Standkonzert findet statt.<\/p>\n<p>Gegen 10:30 Uhr beginnt der Festzug zur Pfarrkirche St. Sixtus. Hier findet gegen 11:00 Uhr der Patroziniumsgottesdienst statt. Um etwa 12:00 Uhr bewegt sich die Prozession weiter zur Lautererstra\u00dfe, Bahnhofstra\u00dfe und zum Bauerntheater am Terofalplatz. Hier beginnt dann das Kirchweihfest mit bayerischer Tanzmusik, das bis in den sp\u00e4ten Nachmittag gefeiert wird.<\/p>\n<\/div>\n<div class=\"csc-header csc-header-n9\">\n<h4>FRONLEICHNAM<\/h4>\n<\/div>\n<div class=\"pInhalte row\">\n<p class=\"bodytext\">Einer der wichtigsten Feiertage der r\u00f6misch-katholischen Kirche ist das Fronleichnamsfest. Dieses Fest wird immer am Donnerstag nach dem Dreifaltigkeitssonntag gefeiert. Je nachdem, in welchem Monat Ostern gefeiert wird, f\u00e4llt Fronleichnam auf einen Donnerstag im Zeitraum zwischen den 21. Mai und den 24. Juni (60. Tag nach Ostersonntag).<\/p>\n<p>Fronleichnam ist das Hochfest des Leibes und Blutes Christi. Beim letzten Abendmahl \u00fcberreichte Jesus \u201eden lebendigen Leib des Herren\u201c in Form von Brot (symbolisiert den Leib Christi) und Wein (symbolisiert das Blut Christi) an seine J\u00fcnger. An diesem Feiertag erinnern sich die Gl\u00e4ubigen an die Anwesenheit Jesus Christus.<\/p>\n<p>Der Festgottesdienst an Fronleichnam findet bei sch\u00f6nem Wetter im Kurpark in Schliersee statt. Anschlie\u00dfend f\u00fchrt die Prozession durch den Ort. Bei schlechtem Wetter treffen sich die Gl\u00e4ubigen in der Pfarrkirche St. Sixtus.<\/p>\n<\/div>\n<div class=\"csc-header csc-header-n12\">\n<h4>HACHELSCHMIED<\/h4>\n<\/div>\n<div class=\"pInhalte row\">\n<p class=\"bodytext\">In der Historischen Hammerschmiede in Neuhaus im Josefstal schmiedet Josef Geisler noch wie in fr\u00fcheren Zeiten Werkzeuge aus Stahl. Das Geb\u00e4ude selbst wurde 1720 erbaut. In seiner Werkstatt zeigt er seit seinem Einzug im Jahre 1952, wie Handwerkzeuge wie z.B. Sapie-Hacken, Rindensch\u00e4ler, \u00c4xte und Beile f\u00fcr Forstarbeiter und f\u00fcr den Handgebrauch, nach alter Handwerkstradition aus hochwertigem Stahl hergestellt werden. Direkt am Arbeitsplatz des Schmieds befindet sich eine offene Feuerstelle, ein Amboss sowie schwere Hammerwerke. Diese werden per \u00dcbertragungsriemen mit Energie versorgt.<\/p>\n<p>W\u00e4hrend eines Besuchs k\u00f6nnen Sie die einzelnen Arbeitsschritte des Schmiedens live miterleben. Nachdem die Schmiedekohle auf der Feuerstelle entfacht wurde und das Feuer etwa 1.000 Grad hei\u00df ist, wird ein Stahlrohling ins Feuer gelegt. Mit Hilfe einer Zange wird das gl\u00fchende Material zu den Hammerwerken transportiert und dort in Form geh\u00e4mmert. Ein Schmied ben\u00f6tigt viel Kraft, denn einige Teile m\u00fcssen auch per Hand auf dem Amboss in Form geh\u00e4mmert werden.<\/p>\n<p>Bei einem Spaziergang im Josefstal, ganz in der N\u00e4he der Historischen Hammerschmiede, k\u00f6nnen Sie sogar das Ger\u00e4usch des H\u00e4mmerns h\u00f6ren. Sie k\u00f6nnen bei Josef Geisler auch ein handgeschmiedetes Werkzeug kaufen und als Souvenir mit nach Hause nehmen. Sie werden begeistert sein, wie gut das Werkzeug in Ihrer Hand liegt. Auch k\u00f6nnen defekte Arbeitsger\u00e4te in die Historischen Hammerschmiede jederzeit zum Reparieren gebracht werden.<\/p>\n<p class=\"bodytext\">Historische Hammerschmiede Josef Geisler Schliersee\/Neuhaus im Josefstal Aurachstra\u00dfe 2, +49(0)8026 71004<\/p>\n<\/div>\n<div class=\"csc-header csc-header-n15\">\n<h4>ALMABTRIEB<\/h4>\n<\/div>\n<div class=\"pInhalte row\">\n<p class=\"bodytext\">Jedes Jahr im September endet die Almzeit f\u00fcr das Vieh und die Tiere werden zur\u00fcck ins Tal getrieben. Den Sommer \u00fcber durften sie auf den Almweiden grasen und wurden von den Sennern und Sennerinnen versorgt.<\/p>\n<p>Die Almabtriebe am Schliersee finden, je nach Witterung, an unterschiedlichen Tagen statt. Wanderer, Radfahrer und Spazierg\u00e4nger bekommen das meist per Zufall mit, da die \u00dcberf\u00fchrung des Viehs von den Bergweiden in ihre Stallungen in der Region Schliersee nicht organisiert wird.<\/p>\n<p class=\"bodytext\">Bevor die Tiere wieder zu ihren Besitzern ins Tal gebracht werden, wird die Almh\u00fctte winterfest gemacht. Ist das Jahr sehr gut verlaufen und die K\u00fche sind gesund, werden die Tiere festlich geschm\u00fcckt. Um den Hals wird ihnen eine Glocke gebunden und ihr Kopf wird mit Tannengr\u00fcn, Alpenblumen, Spiegel, Flittern und bunten B\u00e4ndern verziert. In der N\u00e4he einer Alm, auf den Wegen ins Tal und in weiter Ferne kann man das Gel\u00e4ut der Glocken w\u00e4hrend des Almabtriebs deutlich h\u00f6ren. In fr\u00fcheren Zeiten glaubten die Menschen damit feindliche D\u00e4monen, die auf den Wegen auf die Menschen und Tiere lauerten, vertreiben zu k\u00f6nnen. Sobald die K\u00fche das Tal erreicht haben, werden sie in ihre heimischen St\u00e4lle gebracht. Erst im Fr\u00fchsommer des darauffolgenden Jahres d\u00fcrfen sie dann wieder zur\u00fcck auf die Alm. Der Almauftrieb verl\u00e4uft allerdings unspektakul\u00e4r und die Tiere werden hierf\u00fcr nicht extra geschm\u00fcckt.<\/p>\n<\/div>\n<div class=\"csc-header csc-header-n17\">\n<h4>LEONHARDIFAHRT<\/h4>\n<\/div>\n<div class=\"pInhalte row\">\n<p class=\"bodytext\">Jedes Jahr am ersten Sonntag im November findet eine der sch\u00f6nsten Pferdewallfahrten der Region statt \u2013 die Leonhardifahrt von Schliersee nach Fischhausen. Es handelt sich hierbei um einen der \u00e4ltesten traditionellen christlichen Br\u00e4uche Bayerns. Hierf\u00fcr reisen nicht nur Reiter und Gespanne aus der naheliegenden Umgebung mit ihren Pferden an, sondern auch Besucher aus dem Gro\u00dfraum M\u00fcnchen. Sie alle wollen am Feldgottesdienst an der Leonhardikirche teilnehmen.<\/p>\n<p class=\"bodytext\">An diesem Tag werden die Pferde besonders herausgeputzt, die Gespanne geschm\u00fcckt und die Menschen sind in Tracht gekleidet. Der Festzug zum Gedenken des Heiligen Leonhard, dem Besch\u00fctzer des Viehs und der Patron von Ross und Reiter, startet um 9 Uhr. Die Strecke verl\u00e4uft am See entlang bis zur Kirche St. Leonhard. Im Anschluss an die Leonhardifahrt beginnt der Gottesdienst. Die herbstliche Wallfahrt endet dann mit der Segnung der Pferde, Fuhrleute und Reiter. Falls Sie in diesem Jahr am Gottesdienst vor der Leonhardikirche teilnehmen m\u00f6chten, empfiehlt es sich mit dem Zug der Bayerischen Oberlandbahn anzureisen. St\u00fcndlich fahren Z\u00fcge von M\u00fcnchen bis nach Fischhausen-Neuhaus. Die Wallfahrtskirche befindet sich in unmittelbarer N\u00e4he des Zielbahnhofs. Die Strecke zwischen Neuhaus und Schliersee, auf der Bundesstra\u00dfe 307, ist am Tag der Leonhardifahrt von 9 Uhr bis 13 Uhr gesperrt. Autofahrer werden \u00fcber das Leitzachtal umgeleitet und m\u00fcssen mit einer Fahrzeitverl\u00e4ngerung von rund 15 Minuten rechnen.<\/p>\n<\/div>\n","protected":false},"excerpt":{"rendered":"<p>Auszug aus dem Veranstaltungsangebot der Tourismusregion Schliersee: TRACHTENJAHRTAG Ein Fest zu Ehren der bayerischen Tracht ist der historische Trachtenjahrtag. Dieser wird jedes Jahr in Schliersee gefeiert und findet im Sommer statt. Extra zu diesem Anlass tragen die Mitglieder der teilnehmenden [&hellip;]<\/p>\n","protected":false},"author":1,"featured_media":0,"parent":0,"menu_order":0,"comment_status":"closed","ping_status":"closed","template":"","meta":{"footnotes":""},"class_list":["post-1399","page","type-page","status-publish","hentry"],"_links":{"self":[{"href":"https:\/\/tina-am-see.de\/wpe\/wp-json\/wp\/v2\/pages\/1399","targetHints":{"allow":["GET"]}}],"collection":[{"href":"https:\/\/tina-am-see.de\/wpe\/wp-json\/wp\/v2\/pages"}],"about":[{"href":"https:\/\/tina-am-see.de\/wpe\/wp-json\/wp\/v2\/types\/page"}],"author":[{"embeddable":true,"href":"https:\/\/tina-am-see.de\/wpe\/wp-json\/wp\/v2\/users\/1"}],"replies":[{"embeddable":true,"href":"https:\/\/tina-am-see.de\/wpe\/wp-json\/wp\/v2\/comments?post=1399"}],"version-history":[{"count":4,"href":"https:\/\/tina-am-see.de\/wpe\/wp-json\/wp\/v2\/pages\/1399\/revisions"}],"predecessor-version":[{"id":1404,"href":"https:\/\/tina-am-see.de\/wpe\/wp-json\/wp\/v2\/pages\/1399\/revisions\/1404"}],"wp:attachment":[{"href":"https:\/\/tina-am-see.de\/wpe\/wp-json\/wp\/v2\/media?parent=1399"}],"curies":[{"name":"wp","href":"https:\/\/api.w.org\/{rel}","templated":true}]}}

<div class="csc-header csc-header-n3">
<p><span style="color: #3366ff;"><em>Auszug aus dem Veranstaltungsangebot der Tourismusregion Schliersee:</em></span></p>
<h4>TRACHTENJAHRTAG</h4>
</div>
<div class="pInhalte row">
<p class="bodytext">Ein Fest zu Ehren der bayerischen Tracht ist der historische Trachtenjahrtag. Dieser wird jedes Jahr in Schliersee gefeiert und findet im Sommer statt. Extra zu diesem Anlass tragen die Mitglieder der teilnehmenden Trachtenvereine Festtagstracht und verleihen so dem Trachtenjahrtag ein besonders feierliches Erscheinungsbild.</p>
<p>Die traditionelle Männertracht setzt sich aus einer grauen Joppe mit Hirschknöpfen, einem Leinenhemd, einer Lederhose, Strümpfe, Schuhen und einem Miesbacher Hut zusammen, der mit einer Reiherfeder versehen ist. Der Miesbacher Hut ist ein Trachtenhut, der aus einem samtig-grünen Haarfilz angefertigt wird. Das Grundmaterial der Joppe ist Tuch. Gefärbt wird dieses in verschiedenen Grautönen. Auf die zweireihige Joppe werden dann noch gerundete Aufschläge, aufgesetzte Taschen und ein grüner Stehkragen hinzugefügt. Die Taschen werden so aufgenäht, dass am Ende eine Tasche links oben angebracht ist und die anderen beiden seitlich. Die Leinenhemden werden unter der Joppe getragen. Ihnen werden auf der Brustseite mehrere Falten eingearbeitet. Diese verlaufen von oben nach unten.</p>
<p>Frauen tragen am Trachtenjahrtag und vor allem an besonderen kirchlichen Festtagen ein Miesbacher Hütl, einen knöchellangen, in Falten gelegten Kittl, einen Janker, ein Miederleibl, handgestrickte weiße Strümpfe und schwarze geschnürte Halbschuhe. Das Miederleibl wird direkt über dem Janker getragen und darunter das sogenannte Schmiesl. Es handelt sich hierbei um ein Hemd, das auf der Seite zusammengebunden wird. Der Halsausschnitt hat eine rechteckige Form und ist mit Spitzen verziert. Der Hut besteht aus einem versteiften Filzstoff und ist auf der Innen- und Unterseite gefüttert.</p>
<p class="bodytext">Die Tracht der Region Schliersee entwickelte sich im Laufe der Jahrhunderte und die Einheimischen tragen ihre Tracht vor allem zu besonderen Anlässen, wie z.B. beim Alt-Schlierseer Kirchtag, bei der Leonhardifahrt  oder bei anderen Brauchtumsveranstaltungen.</p>
</div>
<div class="csc-header csc-header-n6">
<h4>ALTSCHLIERSEER KIRCHTAG</h4>
</div>
<div class="pInhalte row">
<p class="bodytext">Der Altschlierseer Kirchtag ist ein ganz besonderes Fest, das jedes Jahr Anfang August gefeiert wird. Fast wäre die Jahrhunderte alte Tradition, die am Kirchtag der Pfarrkirche St. Sixtus in Schliersee veranstaltet wurde, verloren gegangen, doch seit vielen Jahren lassen die Mitglieder der Alt-Schlierseer Trachtengruppe diesen Brauch wieder aufleben.</p>
<p class="bodytext">In den alten Zeiten ruderten die Bewohner Fischhausens mit ihren blumenverzierten Holzbooten, auch Plätten genannt, auf die andere Seite des Sees. Heute steuern die Mitglieder der Alt-Schlierseer Trachtengruppe die festlich geschmückten Nachbauten aus Lärchenholz von Fischhausen nach Schliersee. Die Fahrt beginnt um 9:00 Uhr und dauert etwa eine Stunde. Die Boote fahren am Ostufer entlang bis zum Schlierseer Kurpark.</p>
<p>Sehr schön sind übrigens die historischen Gewänder, die die Alt-Schlierseer Trachtengruppe am sogenannten „kloana Kirta“ tragen. Im Kurpark werden nicht nur von den Besuchern des Alt-Schlierseer Kirchentags, sondern auch von den Böllerschützen und Trachtengruppen aus ganz Oberbayern und vom Bürgermeister empfangen. Während ihrer Ankunft läuten außerdem die Kirchenglocken und ein Standkonzert findet statt.</p>
<p>Gegen 10:30 Uhr beginnt der Festzug zur Pfarrkirche St. Sixtus. Hier findet gegen 11:00 Uhr der Patroziniumsgottesdienst statt. Um etwa 12:00 Uhr bewegt sich die Prozession weiter zur Lautererstraße, Bahnhofstraße und zum Bauerntheater am Terofalplatz. Hier beginnt dann das Kirchweihfest mit bayerischer Tanzmusik, das bis in den späten Nachmittag gefeiert wird.</p>
</div>
<div class="csc-header csc-header-n9">
<h4>FRONLEICHNAM</h4>
</div>
<div class="pInhalte row">
<p class="bodytext">Einer der wichtigsten Feiertage der römisch-katholischen Kirche ist das Fronleichnamsfest. Dieses Fest wird immer am Donnerstag nach dem Dreifaltigkeitssonntag gefeiert. Je nachdem, in welchem Monat Ostern gefeiert wird, fällt Fronleichnam auf einen Donnerstag im Zeitraum zwischen den 21. Mai und den 24. Juni (60. Tag nach Ostersonntag).</p>
<p>Fronleichnam ist das Hochfest des Leibes und Blutes Christi. Beim letzten Abendmahl überreichte Jesus „den lebendigen Leib des Herren“ in Form von Brot (symbolisiert den Leib Christi) und Wein (symbolisiert das Blut Christi) an seine Jünger. An diesem Feiertag erinnern sich die Gläubigen an die Anwesenheit Jesus Christus.</p>
<p>Der Festgottesdienst an Fronleichnam findet bei schönem Wetter im Kurpark in Schliersee statt. Anschließend führt die Prozession durch den Ort. Bei schlechtem Wetter treffen sich die Gläubigen in der Pfarrkirche St. Sixtus.</p>
</div>
<div class="csc-header csc-header-n12">
<h4>HACHELSCHMIED</h4>
</div>
<div class="pInhalte row">
<p class="bodytext">In der Historischen Hammerschmiede in Neuhaus im Josefstal schmiedet Josef Geisler noch wie in früheren Zeiten Werkzeuge aus Stahl. Das Gebäude selbst wurde 1720 erbaut. In seiner Werkstatt zeigt er seit seinem Einzug im Jahre 1952, wie Handwerkzeuge wie z.B. Sapie-Hacken, Rindenschäler, Äxte und Beile für Forstarbeiter und für den Handgebrauch, nach alter Handwerkstradition aus hochwertigem Stahl hergestellt werden. Direkt am Arbeitsplatz des Schmieds befindet sich eine offene Feuerstelle, ein Amboss sowie schwere Hammerwerke. Diese werden per Übertragungsriemen mit Energie versorgt.</p>
<p>Während eines Besuchs können Sie die einzelnen Arbeitsschritte des Schmiedens live miterleben. Nachdem die Schmiedekohle auf der Feuerstelle entfacht wurde und das Feuer etwa 1.000 Grad heiß ist, wird ein Stahlrohling ins Feuer gelegt. Mit Hilfe einer Zange wird das glühende Material zu den Hammerwerken transportiert und dort in Form gehämmert. Ein Schmied benötigt viel Kraft, denn einige Teile müssen auch per Hand auf dem Amboss in Form gehämmert werden.</p>
<p>Bei einem Spaziergang im Josefstal, ganz in der Nähe der Historischen Hammerschmiede, können Sie sogar das Geräusch des Hämmerns hören. Sie können bei Josef Geisler auch ein handgeschmiedetes Werkzeug kaufen und als Souvenir mit nach Hause nehmen. Sie werden begeistert sein, wie gut das Werkzeug in Ihrer Hand liegt. Auch können defekte Arbeitsgeräte in die Historischen Hammerschmiede jederzeit zum Reparieren gebracht werden.</p>
<p class="bodytext">Historische Hammerschmiede Josef Geisler Schliersee/Neuhaus im Josefstal Aurachstraße 2, +49(0)8026 71004</p>
</div>
<div class="csc-header csc-header-n15">
<h4>ALMABTRIEB</h4>
</div>
<div class="pInhalte row">
<p class="bodytext">Jedes Jahr im September endet die Almzeit für das Vieh und die Tiere werden zurück ins Tal getrieben. Den Sommer über durften sie auf den Almweiden grasen und wurden von den Sennern und Sennerinnen versorgt.</p>
<p>Die Almabtriebe am Schliersee finden, je nach Witterung, an unterschiedlichen Tagen statt. Wanderer, Radfahrer und Spaziergänger bekommen das meist per Zufall mit, da die Überführung des Viehs von den Bergweiden in ihre Stallungen in der Region Schliersee nicht organisiert wird.</p>
<p class="bodytext">Bevor die Tiere wieder zu ihren Besitzern ins Tal gebracht werden, wird die Almhütte winterfest gemacht. Ist das Jahr sehr gut verlaufen und die Kühe sind gesund, werden die Tiere festlich geschmückt. Um den Hals wird ihnen eine Glocke gebunden und ihr Kopf wird mit Tannengrün, Alpenblumen, Spiegel, Flittern und bunten Bändern verziert. In der Nähe einer Alm, auf den Wegen ins Tal und in weiter Ferne kann man das Geläut der Glocken während des Almabtriebs deutlich hören. In früheren Zeiten glaubten die Menschen damit feindliche Dämonen, die auf den Wegen auf die Menschen und Tiere lauerten, vertreiben zu können. Sobald die Kühe das Tal erreicht haben, werden sie in ihre heimischen Ställe gebracht. Erst im Frühsommer des darauffolgenden Jahres dürfen sie dann wieder zurück auf die Alm. Der Almauftrieb verläuft allerdings unspektakulär und die Tiere werden hierfür nicht extra geschmückt.</p>
</div>
<div class="csc-header csc-header-n17">
<h4>LEONHARDIFAHRT</h4>
</div>
<div class="pInhalte row">
<p class="bodytext">Jedes Jahr am ersten Sonntag im November findet eine der schönsten Pferdewallfahrten der Region statt – die Leonhardifahrt von Schliersee nach Fischhausen. Es handelt sich hierbei um einen der ältesten traditionellen christlichen Bräuche Bayerns. Hierfür reisen nicht nur Reiter und Gespanne aus der naheliegenden Umgebung mit ihren Pferden an, sondern auch Besucher aus dem Großraum München. Sie alle wollen am Feldgottesdienst an der Leonhardikirche teilnehmen.</p>
<p class="bodytext">An diesem Tag werden die Pferde besonders herausgeputzt, die Gespanne geschmückt und die Menschen sind in Tracht gekleidet. Der Festzug zum Gedenken des Heiligen Leonhard, dem Beschützer des Viehs und der Patron von Ross und Reiter, startet um 9 Uhr. Die Strecke verläuft am See entlang bis zur Kirche St. Leonhard. Im Anschluss an die Leonhardifahrt beginnt der Gottesdienst. Die herbstliche Wallfahrt endet dann mit der Segnung der Pferde, Fuhrleute und Reiter. Falls Sie in diesem Jahr am Gottesdienst vor der Leonhardikirche teilnehmen möchten, empfiehlt es sich mit dem Zug der Bayerischen Oberlandbahn anzureisen. Stündlich fahren Züge von München bis nach Fischhausen-Neuhaus. Die Wallfahrtskirche befindet sich in unmittelbarer Nähe des Zielbahnhofs. Die Strecke zwischen Neuhaus und Schliersee, auf der Bundesstraße 307, ist am Tag der Leonhardifahrt von 9 Uhr bis 13 Uhr gesperrt. Autofahrer werden über das Leitzachtal umgeleitet und müssen mit einer Fahrzeitverlängerung von rund 15 Minuten rechnen.</p>
</div>
