{"id":354,"date":"2017-02-11T21:09:34","date_gmt":"2017-02-11T20:09:34","guid":{"rendered":"http:\/\/ght-web.siteos.de\/wpe\/?page_id=354"},"modified":"2022-08-22T21:04:52","modified_gmt":"2022-08-22T19:04:52","slug":"veranstaltungen","status":"publish","type":"page","link":"https:\/\/tina-am-see.de\/wpe\/veranstaltungen\/","title":{"rendered":"Veranstaltungen"},"content":{"rendered":"<p><span style=\"color: #3366ff;\"><em>Auszug aus dem Veranstaltungsangebot der Tourismusregion Schliersee:<\/em><\/span><\/p>\n<h4>SEEFEST<\/h4>\n<div class=\"pInhalte row\">\n<p class=\"bodytext\">Ganze drei Tage dauert das gro\u00dfe Schlierseer Seefest. Es findet fast immer am letzten Wochenende im Juli statt. Dieses Fest sollten Sie auf keinen Fall verpassen! Schuhplatteln, Goa\u00dflschnalzen, Trachten und das traditionelle Fischerstechen geh\u00f6ren zu den Highlights des Schlierseer Seefestes. Kr\u00f6nung der Feierlichkeiten ist das gro\u00dfe Brillant-Feuerwerk. Es beginnt um 22:00 Uhr und zieht alle Seefestbesucher jedes Jahr aufs Neue in seinen Bann.<\/p>\n<p>Egal, an welchem Tag Sie das Schlierseer Seefest besuchen, es erwartet Sie ein buntes Programm mit Konzerten, Trachten-, Sport- und Showtanzeinlagen. Auch f\u00fcr das leibliche Wohl ist gesorgt. Selbstverst\u00e4ndlich kommen auch Ihre Kleinen bei einem umfangreichen Programm im Kinderland nicht zu kurz. Sie k\u00f6nnen sich w\u00e4hrenddessen an der Seefestwiese auf eine Bank setzen und es sich bei einer Brotzeit oder einem anderen kulinarischen Schmankerl der Schlierseer Vereine so richtig gut gehen lassen.<\/p>\n<\/div>\n<div class=\"csc-header csc-header-n7\">\n<h4>BERGSEEFEST<\/h4>\n<\/div>\n<div class=\"pInhalte row\">\n<p class=\"bodytext\">Eine wirklich einmalige Attraktion ist das Bergseefest am Spitzingsee. Es z\u00e4hlt zu den H\u00f6hepunkten des Schlierseer Veranstaltungskalenders und ist immer noch ein kleiner Geheimtipp.<\/p>\n<p>Umrahmt von einer einmaligen alpinen Kulisse erwarten Sie Attraktionen wie die historische Traktorenrundfahrt, das Lagerfeuer am Ufer, die beleuchteten Boote und das gro\u00dfe Brillant-Feuerwerk mit bengalischer Beleuchtung. Ein kostenloser Bustransfer startet eine halbe Stunde nach dem Feuerwerk von der Kirche St. Bernhard \u00fcber Josefstal zur\u00fcck nach Schliersee. Trachtler, Goa\u00dflschnalzer und Showgruppen aus Schliersee und dem Landkreis Miesbach gestalten das Abendprogramm am Bergsee. Kulinarische Spezialit\u00e4ten der Region finden Sie an den kleinen Brotzeitst\u00e4nden der Spitzingseer Wirtsleute und der \u00f6rtlichen Vereine.<\/p>\n<\/div>\n<div class=\"csc-header csc-header-n10\">\n<h4>WALDFEST<\/h4>\n<\/div>\n<div class=\"pInhalte row\">\n<p class=\"bodytext\">Das Schlierseer Waldfest ist eine echte altbayerische Tradition. Sie findet jedes Jahr Mitte August statt und beginnt mit einem gro\u00dfen Festzug, der am Bahnhof Schliersee beginnt und im Festzelt auf dem Waldfestplatz endet. Statt im Alltagsgewand kleiden sich die Einheimischen in traditionelle Dirndl und Lederhosen. Angef\u00fchrt wird der Zug von der Schlierseer Blaskapelle und dem B\u00fcrgermeister.<\/p>\n<p class=\"bodytext\">Im ger\u00e4umigen Festzelt und im gem\u00fctlichen Biergarten ist Platz f\u00fcr die ganze Familie. Hier treffen sich Einheimische und G\u00e4ste, Jung und Alt zum Fr\u00fchschoppen oder genie\u00dfen am sp\u00e4ten Nachmittag oder am Abend eine Brotzeit, ein knuspriges Hendl, Grillspezialit\u00e4ten und eine Mass Bier.<\/p>\n<p class=\"bodytext\">Direkt neben dem Waldfestplatz k\u00f6nnen sich die kleinen Waldfestg\u00e4ste auf dem Spielplatz austoben.<\/p>\n<\/div>\n<div class=\"csc-header csc-header-n13\">\n<h4>PFINGSTFEST<\/h4>\n<\/div>\n<div class=\"pInhalte row\">\n<p class=\"bodytext\">Jedes Jahr findet 4 Tage lang, w\u00e4hrend des ganzen Pfingstwochenendes, auf dem Waldfestplatz in Schliersee das Pfingstfest des Eisclub Schliersee statt.<\/p>\n<p class=\"bodytext\">Bei der Er\u00f6ffnung des Festzeltbetriebs am Freitagnachmittag sollten Sie auf keinen Fall den Anstich des ersten Bierfasses verpassen. Pfingstsonntag treffen sich Einheimische und G\u00e4ste nach dem Gottesdienst zum Fr\u00fchschoppen oder essen hier zu Mittag. Zu z\u00fcnftiger bayrischer Musik werden t\u00e4glich in der Festzeltk\u00fcche Rollbraten, Backfisch, Schweinsw\u00fcrstl und Hendl vom Grill zubereitet. Sie k\u00f6nnen sich aber auch frische Brezen und Radi bestellen oder Sie probieren eine Kleinigkeit vom K\u00e4sestand. Naschkatzen treffen sich am Mandelstand und nachmittags gibt es ein Kuchenb\u00fcffet.<\/p>\n<p class=\"bodytext\">W\u00e4hrend des gesamten Festbetriebs ist abends die Bar ge\u00f6ffnet und alle Weinliebhaber kommen in der Weinlaube voll auf ihre Kosten.<\/p>\n<p>Bei sch\u00f6nem Wetter wird das Pfingstfest des Eisclub Schliersee nicht nur im Festzelt gefeiert, sondern auch auf dem Waldfestplatz. Auch k\u00fchles und regnerisches Wetter ist kein Problem, denn im beheizten Zelt r\u00fccken alle gerne zusammen, um gemeinsam ein ausgelassenes Fest zu feiern.<\/p>\n<\/div>\n<div class=\"csc-header csc-header-n16\">\n<h4>BRUNNENFEST<\/h4>\n<\/div>\n<div class=\"pInhalte row\">\n<div class=\"pInhalte row\">\n<p class=\"bodytext\">Mit zahlreichen musikalischen Darbietungen am Musikantenbrunnen mitten in Schliersee l\u00e4dt die Schlierseer Blasmusik traditionell allj\u00e4hrlich Anfang August zum Brunnenfest ein<\/p>\n<p class=\"bodytext\">Durch den Tag f\u00fchren verschiedene Musikanten und Gruppen, darunter auch die Schlierseer Blasmusik, die Schlierseer Alphornbl\u00e4ser, die meisterhaften Schlierseer Goasslschnalzer.<br \/>\nF\u00fcr das leibliche Wohl ist u.a. mit k\u00fchlen Getr\u00e4nken, Grillfleisch und W\u00fcrstl, frisch gedrehtem Radi, Kaas (K\u00e4se) und Steckerlfisch gesorgt.<br \/>\nGenie\u00dfen Sie mit der Schlierseer Blasmusik einen musikalischen Tag f\u00fcr einen guten Zweck.<br \/>\nDer Reinerl\u00f6s kommt der Nachwuchsarbeit der Schlierseer Blasmusik zu Gute. Der Eintritt ist frei!<\/p>\n<\/div>\n<div class=\"csc-header csc-header-n2\">\n<h4>DER KULTURHERBST SCHLIERSEE<\/h4>\n<\/div>\n<div class=\"pInhalte row\">\n<p class=\"bodytext\">Der Schlierseer Kulturherbst findet jedes Jahr im Oktober statt. W\u00e4hrend des ganzen Monats finden besondere kulturelle Veranstaltungen an au\u00dfergew\u00f6hnlichen Orten statt. Dabei werden Konzerte, Lesungen, Theater- und Kabarettvorstellungen sowie Kinderprogramme in historischen Geb\u00e4uden, S\u00e4len und Kirchen aufgef\u00fchrt. Der Genuss des kulturellen Schaffens in ihrer vollen Bandbreite steht dabei im Vordergrund. Alle Veranstaltungsorte werden in dieser Zeit mit einer besonderen Beleuchtung in Szene gesetzt. Gleichzeitig laden ein gro\u00dfes rotes &#8222;K&#8220;, Laternen und ein roter Teppich, die vor den Geb\u00e4uden platziert sind, zum Besuch ein.<\/p>\n<p class=\"bodytext\">Verbinden Sie dieses besondere Event doch einfach mit einem Urlaub oder einem Kurztrip an den Schliersee.<br \/>\nInformationen zum Kulturherbst, den \u00dcbernachtungsangeboten und Sehensw\u00fcrdigkeiten in der Region erhalten Sie unter <a href=\"http:\/\/www.kulturherbst-schliersee.de\/\" target=\"_blank\" rel=\"noopener\">www.kulturherbst-schliersee.de<\/a>.<\/p>\n<\/div>\n<div class=\"csc-header csc-header-n3\"><\/div>\n<div class=\"pInhalte row\"><\/div>\n<div class=\"csc-header csc-header-n12\"><\/div>\n<div class=\"pInhalte row\"><\/div>\n<\/div>\n","protected":false},"excerpt":{"rendered":"<p>Auszug aus dem Veranstaltungsangebot der Tourismusregion Schliersee: SEEFEST Ganze drei Tage dauert das gro\u00dfe Schlierseer Seefest. Es findet fast immer am letzten Wochenende im Juli statt. Dieses Fest sollten Sie auf keinen Fall verpassen! Schuhplatteln, Goa\u00dflschnalzen, Trachten und das traditionelle [&hellip;]<\/p>\n","protected":false},"author":1,"featured_media":0,"parent":0,"menu_order":0,"comment_status":"closed","ping_status":"closed","template":"page-templates\/attractions.php","meta":{"footnotes":""},"class_list":["post-354","page","type-page","status-publish","hentry"],"_links":{"self":[{"href":"https:\/\/tina-am-see.de\/wpe\/wp-json\/wp\/v2\/pages\/354","targetHints":{"allow":["GET"]}}],"collection":[{"href":"https:\/\/tina-am-see.de\/wpe\/wp-json\/wp\/v2\/pages"}],"about":[{"href":"https:\/\/tina-am-see.de\/wpe\/wp-json\/wp\/v2\/types\/page"}],"author":[{"embeddable":true,"href":"https:\/\/tina-am-see.de\/wpe\/wp-json\/wp\/v2\/users\/1"}],"replies":[{"embeddable":true,"href":"https:\/\/tina-am-see.de\/wpe\/wp-json\/wp\/v2\/comments?post=354"}],"version-history":[{"count":9,"href":"https:\/\/tina-am-see.de\/wpe\/wp-json\/wp\/v2\/pages\/354\/revisions"}],"predecessor-version":[{"id":2713,"href":"https:\/\/tina-am-see.de\/wpe\/wp-json\/wp\/v2\/pages\/354\/revisions\/2713"}],"wp:attachment":[{"href":"https:\/\/tina-am-see.de\/wpe\/wp-json\/wp\/v2\/media?parent=354"}],"curies":[{"name":"wp","href":"https:\/\/api.w.org\/{rel}","templated":true}]}}

<p><span style="color: #3366ff;"><em>Auszug aus dem Veranstaltungsangebot der Tourismusregion Schliersee:</em></span></p>
<h4>SEEFEST</h4>
<div class="pInhalte row">
<p class="bodytext">Ganze drei Tage dauert das große Schlierseer Seefest. Es findet fast immer am letzten Wochenende im Juli statt. Dieses Fest sollten Sie auf keinen Fall verpassen! Schuhplatteln, Goaßlschnalzen, Trachten und das traditionelle Fischerstechen gehören zu den Highlights des Schlierseer Seefestes. Krönung der Feierlichkeiten ist das große Brillant-Feuerwerk. Es beginnt um 22:00 Uhr und zieht alle Seefestbesucher jedes Jahr aufs Neue in seinen Bann.</p>
<p>Egal, an welchem Tag Sie das Schlierseer Seefest besuchen, es erwartet Sie ein buntes Programm mit Konzerten, Trachten-, Sport- und Showtanzeinlagen. Auch für das leibliche Wohl ist gesorgt. Selbstverständlich kommen auch Ihre Kleinen bei einem umfangreichen Programm im Kinderland nicht zu kurz. Sie können sich währenddessen an der Seefestwiese auf eine Bank setzen und es sich bei einer Brotzeit oder einem anderen kulinarischen Schmankerl der Schlierseer Vereine so richtig gut gehen lassen.</p>
</div>
<div class="csc-header csc-header-n7">
<h4>BERGSEEFEST</h4>
</div>
<div class="pInhalte row">
<p class="bodytext">Eine wirklich einmalige Attraktion ist das Bergseefest am Spitzingsee. Es zählt zu den Höhepunkten des Schlierseer Veranstaltungskalenders und ist immer noch ein kleiner Geheimtipp.</p>
<p>Umrahmt von einer einmaligen alpinen Kulisse erwarten Sie Attraktionen wie die historische Traktorenrundfahrt, das Lagerfeuer am Ufer, die beleuchteten Boote und das große Brillant-Feuerwerk mit bengalischer Beleuchtung. Ein kostenloser Bustransfer startet eine halbe Stunde nach dem Feuerwerk von der Kirche St. Bernhard über Josefstal zurück nach Schliersee. Trachtler, Goaßlschnalzer und Showgruppen aus Schliersee und dem Landkreis Miesbach gestalten das Abendprogramm am Bergsee. Kulinarische Spezialitäten der Region finden Sie an den kleinen Brotzeitständen der Spitzingseer Wirtsleute und der örtlichen Vereine.</p>
</div>
<div class="csc-header csc-header-n10">
<h4>WALDFEST</h4>
</div>
<div class="pInhalte row">
<p class="bodytext">Das Schlierseer Waldfest ist eine echte altbayerische Tradition. Sie findet jedes Jahr Mitte August statt und beginnt mit einem großen Festzug, der am Bahnhof Schliersee beginnt und im Festzelt auf dem Waldfestplatz endet. Statt im Alltagsgewand kleiden sich die Einheimischen in traditionelle Dirndl und Lederhosen. Angeführt wird der Zug von der Schlierseer Blaskapelle und dem Bürgermeister.</p>
<p class="bodytext">Im geräumigen Festzelt und im gemütlichen Biergarten ist Platz für die ganze Familie. Hier treffen sich Einheimische und Gäste, Jung und Alt zum Frühschoppen oder genießen am späten Nachmittag oder am Abend eine Brotzeit, ein knuspriges Hendl, Grillspezialitäten und eine Mass Bier.</p>
<p class="bodytext">Direkt neben dem Waldfestplatz können sich die kleinen Waldfestgäste auf dem Spielplatz austoben.</p>
</div>
<div class="csc-header csc-header-n13">
<h4>PFINGSTFEST</h4>
</div>
<div class="pInhalte row">
<p class="bodytext">Jedes Jahr findet 4 Tage lang, während des ganzen Pfingstwochenendes, auf dem Waldfestplatz in Schliersee das Pfingstfest des Eisclub Schliersee statt.</p>
<p class="bodytext">Bei der Eröffnung des Festzeltbetriebs am Freitagnachmittag sollten Sie auf keinen Fall den Anstich des ersten Bierfasses verpassen. Pfingstsonntag treffen sich Einheimische und Gäste nach dem Gottesdienst zum Frühschoppen oder essen hier zu Mittag. Zu zünftiger bayrischer Musik werden täglich in der Festzeltküche Rollbraten, Backfisch, Schweinswürstl und Hendl vom Grill zubereitet. Sie können sich aber auch frische Brezen und Radi bestellen oder Sie probieren eine Kleinigkeit vom Käsestand. Naschkatzen treffen sich am Mandelstand und nachmittags gibt es ein Kuchenbüffet.</p>
<p class="bodytext">Während des gesamten Festbetriebs ist abends die Bar geöffnet und alle Weinliebhaber kommen in der Weinlaube voll auf ihre Kosten.</p>
<p>Bei schönem Wetter wird das Pfingstfest des Eisclub Schliersee nicht nur im Festzelt gefeiert, sondern auch auf dem Waldfestplatz. Auch kühles und regnerisches Wetter ist kein Problem, denn im beheizten Zelt rücken alle gerne zusammen, um gemeinsam ein ausgelassenes Fest zu feiern.</p>
</div>
<div class="csc-header csc-header-n16">
<h4>BRUNNENFEST</h4>
</div>
<div class="pInhalte row">
<div class="pInhalte row">
<p class="bodytext">Mit zahlreichen musikalischen Darbietungen am Musikantenbrunnen mitten in Schliersee lädt die Schlierseer Blasmusik traditionell alljährlich Anfang August zum Brunnenfest ein</p>
<p class="bodytext">Durch den Tag führen verschiedene Musikanten und Gruppen, darunter auch die Schlierseer Blasmusik, die Schlierseer Alphornbläser, die meisterhaften Schlierseer Goasslschnalzer.<br />
Für das leibliche Wohl ist u.a. mit kühlen Getränken, Grillfleisch und Würstl, frisch gedrehtem Radi, Kaas (Käse) und Steckerlfisch gesorgt.<br />
Genießen Sie mit der Schlierseer Blasmusik einen musikalischen Tag für einen guten Zweck.<br />
Der Reinerlös kommt der Nachwuchsarbeit der Schlierseer Blasmusik zu Gute. Der Eintritt ist frei!</p>
</div>
<div class="csc-header csc-header-n2">
<h4>DER KULTURHERBST SCHLIERSEE</h4>
</div>
<div class="pInhalte row">
<p class="bodytext">Der Schlierseer Kulturherbst findet jedes Jahr im Oktober statt. Während des ganzen Monats finden besondere kulturelle Veranstaltungen an außergewöhnlichen Orten statt. Dabei werden Konzerte, Lesungen, Theater- und Kabarettvorstellungen sowie Kinderprogramme in historischen Gebäuden, Sälen und Kirchen aufgeführt. Der Genuss des kulturellen Schaffens in ihrer vollen Bandbreite steht dabei im Vordergrund. Alle Veranstaltungsorte werden in dieser Zeit mit einer besonderen Beleuchtung in Szene gesetzt. Gleichzeitig laden ein großes rotes &#8222;K&#8220;, Laternen und ein roter Teppich, die vor den Gebäuden platziert sind, zum Besuch ein.</p>
<p class="bodytext">Verbinden Sie dieses besondere Event doch einfach mit einem Urlaub oder einem Kurztrip an den Schliersee.<br />
Informationen zum Kulturherbst, den Übernachtungsangeboten und Sehenswürdigkeiten in der Region erhalten Sie unter <a href="http://www.kulturherbst-schliersee.de/" target="_blank" rel="noopener">www.kulturherbst-schliersee.de</a>.</p>
</div>
<div class="csc-header csc-header-n3"></div>
<div class="pInhalte row"></div>
<div class="csc-header csc-header-n12"></div>
<div class="pInhalte row"></div>
</div>

<p>Auszug aus dem Veranstaltungsangebot der Tourismusregion Schliersee: SEEFEST Ganze drei Tage dauert das große Schlierseer Seefest. Es findet fast immer am letzten Wochenende im Juli statt. Dieses Fest sollten Sie auf keinen Fall verpassen! Schuhplatteln, Goaßlschnalzen, Trachten und das traditionelle [&hellip;]</p>
