{"id":870,"date":"2017-02-14T16:57:34","date_gmt":"2017-02-14T15:57:34","guid":{"rendered":"http:\/\/ght-web.siteos.de\/wpe\/?page_id=870"},"modified":"2017-02-28T18:32:02","modified_gmt":"2017-02-28T17:32:02","slug":"bergsteigen-klettern","status":"publish","type":"page","link":"https:\/\/tina-am-see.de\/wpe\/sommerfrische\/bergsteigen-klettern\/","title":{"rendered":"Bergsteigen \/ Klettern"},"content":{"rendered":"<p><strong>Klettertipps am Spitzingsee<\/strong><br \/>\nF\u00fcr Kletterer und Bergsteiger gibt es ein paar Schmankerl am Spitzingsee.\u00a0<span style=\"color: #333333;\">Die folgenden Touren empfiehlt der Tourismusverband der Alpenregion Tegernsee Schliersee:<\/span><br \/>\n<strong><br \/>\nKlettern an den Ruchenk\u00f6pfen (1805 m)<br \/>\n<\/strong>Ausgangspunkt: a) Spitzingsee Talstation Taubenstein b) Spitzingsee Wurzh\u00fctte<\/p>\n<p>Zustieg: a) Von der Bergstation der Taubensteinbahn (1610 m) \u00f6stlich um den Taubensteinbahn herum. Unterhalb des Lempersbergs querend zum Kirchsteinsattel (1802 m). Auf dem unteren Weg zum Rotwandhaus (1737 m). Von der H\u00fctte absteigend in die K\u00fcmpflscharte (1695 m), weiter nach Osten durch Latschen, die Nordseite der Auerspitz querend und zuletzt nach Norden zum \u201eBrotzeitstein\u201c an den Ruhenk\u00f6pfen (1,5 Stunden)<br \/>\nb) Von der Wurzh\u00fctte auf anfangs geteerter Forststra\u00dfe der Beschilderung folgend zum Rotwandhaus<\/p>\n<p>St\u00fctzpunkt: Rotwandhaus (1737 m), ganzj\u00e4hrig bewirtschaftet<\/p>\n<p>Jahreszeit: Die Routen in der S\u00fcdwand lassen sich ganzj\u00e4hrig klettern. Im Winter ist der Zustieg mit Ski bei entsprechender Lawinenlage m\u00f6glich.<\/p>\n<p>Routenauswahl: Untere und Obere Westwand \u2013 Alter Riss (5-) in Verbindung mit Bayerl\u00e4nderriss (6-); S\u00fcdwand \u2013 S\u00fcdwestkante (4+), S\u00fcdwandplatte (6), Neue S\u00fcdwand (4-), D\u00fclferriss (4+), M\u00fcnchner Riss (3+)<\/p>\n<p>Abstieg: \u00dcber den Normalweg (3) zur\u00fcck zu den Einstiegen.<\/p>\n<p><strong>Klettern am Plankenstein (1768 m)<br \/>\n<\/strong>Ausgangspunkt: Parkplatz an der Mautstra\u00dfe von Enterrottach in die Valepp,<br \/>\nbei der Wildbachh\u00fctte (ca. 960 m)<\/p>\n<p>Zustieg: Der am Parkplatz beginnenden Forststra\u00dfe folgend (Markierung: Risserkogel\/Plankenstein) bis zu einer Abzweigung bei Punkt 1064. Hier links haltend, an der Sieblialm vorbei, zun\u00e4chst \u00fcber Wiesen, dann durch Wald zum Riederecksattel (1534 m). Weiter am Nordhang des Risserkogels entlang zum Plankensteinsattel (1,5 Stunden).<\/p>\n<p>St\u00fctzpunkt: Keiner<\/p>\n<p>Jahreszeit: Die s\u00fcdseitigen Routen bieten auch im Winter Klettergenuss. Allerdings sollte man bei winterlichen Verh\u00e4ltnissen wegen der Lawinengefahr im Zustieg Vorsicht walten lassen!<\/p>\n<p>Routenauswahl: Plankensteinnadel \u2013 Westkante (7-); Plankenstein-Westseite \u2013 High Noon (7); S\u00fcdwand \u2013 Vorgipfel-S\u00fcdwand (5+); alle Routen an der S\u00fcdseite des Dritten Ostgratturms (6 bis 8); Ostgrat (4+)<\/p>\n<p>Abstieg: Plankensteinnadel \u2013 vom Gipfel in die Scharte zwischen Nadel und Massiv 20 Meter abseilen, den anschlie\u00dfenden Kamin nach Westen absteigen; Plankenstein \u2013 von den Ausstiegen der Routen zum Gipfel bzw. zum Normalweg queren und \u00fcber diesen absteigen, \u00fcber die Routen an der Westseite und am dritten Ostgratturm kann man abseilen.<\/p>\n","protected":false},"excerpt":{"rendered":"<p>Klettertipps am Spitzingsee F\u00fcr Kletterer und Bergsteiger gibt es ein paar Schmankerl am Spitzingsee.\u00a0Die folgenden Touren empfiehlt der Tourismusverband der Alpenregion Tegernsee Schliersee: Klettern an den Ruchenk\u00f6pfen (1805 m) Ausgangspunkt: a) Spitzingsee Talstation Taubenstein b) Spitzingsee Wurzh\u00fctte Zustieg: a) Von [&hellip;]<\/p>\n","protected":false},"author":1,"featured_media":0,"parent":246,"menu_order":1,"comment_status":"closed","ping_status":"closed","template":"page-templates\/attractions.php","meta":{"footnotes":""},"class_list":["post-870","page","type-page","status-publish","hentry"],"_links":{"self":[{"href":"https:\/\/tina-am-see.de\/wpe\/wp-json\/wp\/v2\/pages\/870","targetHints":{"allow":["GET"]}}],"collection":[{"href":"https:\/\/tina-am-see.de\/wpe\/wp-json\/wp\/v2\/pages"}],"about":[{"href":"https:\/\/tina-am-see.de\/wpe\/wp-json\/wp\/v2\/types\/page"}],"author":[{"embeddable":true,"href":"https:\/\/tina-am-see.de\/wpe\/wp-json\/wp\/v2\/users\/1"}],"replies":[{"embeddable":true,"href":"https:\/\/tina-am-see.de\/wpe\/wp-json\/wp\/v2\/comments?post=870"}],"version-history":[{"count":9,"href":"https:\/\/tina-am-see.de\/wpe\/wp-json\/wp\/v2\/pages\/870\/revisions"}],"predecessor-version":[{"id":1665,"href":"https:\/\/tina-am-see.de\/wpe\/wp-json\/wp\/v2\/pages\/870\/revisions\/1665"}],"up":[{"embeddable":true,"href":"https:\/\/tina-am-see.de\/wpe\/wp-json\/wp\/v2\/pages\/246"}],"wp:attachment":[{"href":"https:\/\/tina-am-see.de\/wpe\/wp-json\/wp\/v2\/media?parent=870"}],"curies":[{"name":"wp","href":"https:\/\/api.w.org\/{rel}","templated":true}]}}