{"id":917,"date":"2017-02-14T17:55:53","date_gmt":"2017-02-14T16:55:53","guid":{"rendered":"http:\/\/ght-web.siteos.de\/wpe\/?page_id=917"},"modified":"2017-02-28T14:51:03","modified_gmt":"2017-02-28T13:51:03","slug":"spiel-spass-und-abenteuer","status":"publish","type":"page","link":"https:\/\/tina-am-see.de\/wpe\/sommerfrische\/spiel-spass-und-abenteuer\/","title":{"rendered":"Spiel, Spa\u00df und Abenteuer"},"content":{"rendered":"<p><strong>Downhillspa\u00df pur mit dem Mountaincart<\/strong><br \/>\nDie Alpenbahnen Spitzingsee bieten eine neue Attraktion f\u00fcr die ganze Familie. Mit den Mountaincarts geht es von der Bergstation der St\u00fcmpflingbahn auf ca. 3,5 km rasant bergab. Dass die Downhillgaudi auch sicher ist, verspricht die Konstruktion der Mountaincarts aus robustem aber leichtem Aluminium. Die moderne Bauweise erm\u00f6glicht komfortables Sitzen. Das einzigartige hydraulische Zweikreis-Scheibenbremssystem ist extrem leichtg\u00e4ngig und bietet jederzeit eine ausgezeichnete Kontrolle \u00fcber das Cart. Das Mountaincart kann direkt an der Bergstation ausgeliehen werden, wo auch die Jagah\u00fctt\u00b4n zur St\u00e4rkung vor der Abfahrt einl\u00e4dt.<\/p>\n<p>Preise und Infos:\u00a0<a href=\"http:\/\/www.alpenbahnen-spitzingsee.de\/sommer\/sommer\/mountaincarts\/\">www.alpenbahnen-spitzingsee.de<br \/>\n<\/a><\/p>\n<p><strong>Segway Touren &amp; more Funmobile mit Kultfaktor<br \/>\n<\/strong>Mit dem Segway Land und Leute kennen lernen, und das mit\u00a0 einer geh\u00f6rigen Portion Spa\u00df . . . Stellen Sie sich vor, wie sie ganz relaxt das Tegernseer Tal erkunden. Kein Schwitzen, kein Stress. Einfach raufstellen, nach vorne lehnen und los geht\u00b4s. Nach kurzer Einweisung und einigen Metern Praxis haben Sie das Gef\u00fchl, ein Naturtalent zu sein.\u00a0Das unvergessene Urlaubserlebnis mit wundersch\u00f6nen Touren f\u00fcr Anf\u00e4nger, Fortgeschrittene und Profis.<\/p>\n<p>Au\u00dferdem Natur pur mit E-Power<br \/>\nGef\u00fchrte E-Power Panoramatouren von Mai \u2013 Oktober, geht es mit dem Segway und den E-Bike durch die atemberaubende Natur, entlang rauschender Fl\u00fcsse und saftig gr\u00fcner Wiesen mit Blick auf die umliegenden Tegernseer Berge. Touren ab 4 Personen (2 E-bikes + 2 Segways)<\/p>\n<p>Preise und Infos: <a href=\"http:\/\/www.teg-time.de\/\">www.teg-time.de<\/a><\/p>\n<p><strong>Hochseilgarten &#8211; Abenteuerspielplatz in luftiger H\u00f6he<\/strong><br \/>\nGanz &#8222;sicher&#8220; ein Vergn\u00fcgen! &#8211; Schon die Kleinen ab 7 Jahren d\u00fcrfen sich in den Hochseilgarten wagen. Sicherheit ist dabei oberste Priorit\u00e4t, so ist das Personal geschult und die Ausr\u00fcstung gepr\u00fcft und zertifiziert. Einem uneingeschr\u00e4nkten Hochseilabenteuer steht also nichts im Wege, und Sie k\u00f6nnen sich ohne technische Bedenken \u00fcber Seile, Balken oder Drahtseile in unterschiedlicher H\u00f6he bewegen. Den inneren Schweinehund m\u00fcssen sie allerdings schon selbst \u00fcberwinden!<\/p>\n<p>Kontakt: Hasen\u00f6hrl-Hof, Geitau 5, 83735 Geitau \/ Bayrischzell, Tel.: +49 8023 8193344<\/p>\n<p class=\"title\"><strong>Kletterwald Tegernsee<br \/>\n<\/strong>Der Kletterwald Tegernsee ist ein Hochseilgarten, der in den bestehenden Bergwald am Oedberg in Gmund integriert ist. In insgesamt 6 Parcours k\u00f6nnen Teilnehmer ab 5 bzw. 8 Jahren in Begleitung eines Erwachsenen und ab 12 Jahren frei \u00fcber die unterschiedlichsten Hindernisse und Elemente von Baum zu Baum kraxeln, hangeln, schwingen oder schweben. Dabei sind Geschicklichkeit, Mut und Ausdauer gefragt. Die Parcours sind in unterschiedlichen Schwierigkeitsgraden angelegt, so dass sich jeder an sein pers\u00f6nliches Limit herantasten kann. Spa\u00df und Spannung sind f\u00fcr jeden garantiert!<\/p>\n<p>\u00dcbrigens kann bei nahezu jedem Wetter bei uns geklettert werden. Die B\u00e4ume bieten Schutz bei Hitze und Regen. Nur bei Unwettern wie Gewittern, Sturm oder Hagel muss der Kletterwald tats\u00e4chlich geschlossen werden. Der Kletterwald Tegernsee ist T\u00dcV-zertifiziert und das neue Sicherungssystem von Bornack macht das Klettern noch sicherer.<\/p>\n<p><b>Kontakt:\u00a0<\/b>Kletterwald Tegernsee, Angerlweber 3,\u00a083703 Gmund am Tegernsee, Tel.: +49 8022 187779<\/p>\n<p class=\"title\"><strong>Ballonfahren am Tegernsee &#8211; Schwebend am wei\u00df-blauen Himmel<\/strong><\/p>\n<p class=\"bodytext\">Mit dem Ballon sanft entschweben, das Gef\u00fchl erleben leichter als Luft zu sein, mit dem Wind \u00fcber Berge, T\u00e4ler und Seen zu schweben den Alltag vergessen und in bis zu 3000 m H\u00f6he vom Korbrand auf schneebedeckte Alpengipfel schauen ist ein unvergessliches Erlebnis. Die Welt aus einer anderen Perspektive betrachten ohne Hektik fast lautlos das Gipfelmeer der Alpen oder des bayrischen Alpenvorlands mit seinen Seen im Ballonkorb unter sich vor\u00fcberziehen lassen, die Windstille und Ruhe genie\u00dfen. \u00dcber den Wolken ist die Freiheit grenzenlos&#8230;.<\/p>\n<p>Gestartet wird zu allen Jahreszeiten bei guten Wetter \/ Windbedingungen morgens direkt in den Bergen im s\u00fcdlichem Tegernseer Tal oder sp\u00e4tnachmittags n\u00f6rdlich vom Tegernsee. Die <b>Ballonfahrt \u201eTegernsee\u201c<\/b> dauert ca. 1,5 Stunden nach der Landung werden Sie bei der traditionellen Ballontaufe mit Champagner in den Adelstand der Ballonfahrer erhoben. Das gesamte Erlebnis dauert ca. 4 Stunden.<\/p>\n<p class=\"bodytext\">Wenn die Alpen ihr wei\u00dfes Winterkleid tragen sind die Sichten besonders klar um zur Winter-Alpenfahrt zu starten. Rund 2,5 Stunden schweben Sie \u00fcber verschneite Berge und glitzernde Eisfl\u00e4chen der Seen und sp\u00fcren die W\u00e4rme des Feuerstrahls des Brenners und der Sonneneinstrahlung.<\/p>\n<p>An wenigen Tagen im Winter ist eine Alpen\u00fcberquerung vom Alpenvorland bis Italien m\u00f6glich, das eindruckvollste Erlebnis eines Ballonfahrers. In 4000 &#8211; 5000 m H\u00f6he genie\u00dfen Sie das grandiose Panorama der Alpen und ganz im S\u00fcden das glitzern der Adria. Nach der Landung in der Poebene lassen wir den Abend mit einem italienischen Abendessen ausklingen und \u00fcbernachten in der N\u00e4he des Landeorts. Unser Begleitfahrzeug bringt uns am n\u00e4chsten Tag zur\u00fcck an den Tegernsee.<\/p>\n<p>Kontakt: <a href=\"http:\/\/www.ballooning-tegernsee.de\/\">www.ballooning-tegernsee.de<\/a><\/p>\n","protected":false},"excerpt":{"rendered":"<p>Downhillspa\u00df pur mit dem Mountaincart Die Alpenbahnen Spitzingsee bieten eine neue Attraktion f\u00fcr die ganze Familie. Mit den Mountaincarts geht es von der Bergstation der St\u00fcmpflingbahn auf ca. 3,5 km rasant bergab. Dass die Downhillgaudi auch sicher ist, verspricht die [&hellip;]<\/p>\n","protected":false},"author":1,"featured_media":0,"parent":246,"menu_order":6,"comment_status":"closed","ping_status":"closed","template":"page-templates\/attractions.php","meta":{"footnotes":""},"class_list":["post-917","page","type-page","status-publish","hentry"],"_links":{"self":[{"href":"https:\/\/tina-am-see.de\/wpe\/wp-json\/wp\/v2\/pages\/917","targetHints":{"allow":["GET"]}}],"collection":[{"href":"https:\/\/tina-am-see.de\/wpe\/wp-json\/wp\/v2\/pages"}],"about":[{"href":"https:\/\/tina-am-see.de\/wpe\/wp-json\/wp\/v2\/types\/page"}],"author":[{"embeddable":true,"href":"https:\/\/tina-am-see.de\/wpe\/wp-json\/wp\/v2\/users\/1"}],"replies":[{"embeddable":true,"href":"https:\/\/tina-am-see.de\/wpe\/wp-json\/wp\/v2\/comments?post=917"}],"version-history":[{"count":11,"href":"https:\/\/tina-am-see.de\/wpe\/wp-json\/wp\/v2\/pages\/917\/revisions"}],"predecessor-version":[{"id":1664,"href":"https:\/\/tina-am-see.de\/wpe\/wp-json\/wp\/v2\/pages\/917\/revisions\/1664"}],"up":[{"embeddable":true,"href":"https:\/\/tina-am-see.de\/wpe\/wp-json\/wp\/v2\/pages\/246"}],"wp:attachment":[{"href":"https:\/\/tina-am-see.de\/wpe\/wp-json\/wp\/v2\/media?parent=917"}],"curies":[{"name":"wp","href":"https:\/\/api.w.org\/{rel}","templated":true}]}}